hen 96 is divided by 13 + -12 - (-19)/(0 + z)?
16
Suppose v + i - 37 = 0, 88*v - i - 149 = 83*v. What is the remainder when 1084 is divided by v?
30
Let x = -157 + 161. Suppose -x*z + 64 = -5*h - 71, 5*h - 15 = -z. What is the remainder when z is divided by (1/(-3))/(3/(-99))?
8
Calculate the remainder when (-1 + 0)*-6 - (-51 - -2) is divided by 52.
3
Suppose -284 = -13*t + 379. Suppose -5*u - 16 = -t. What is the remainder when 180 is divided by u?
5
Let q(k) = -k**3 - 5*k**2 + 11. Let n be q(-5). Suppose 0 = -n*c + 1242 + 133. What is the remainder when c is divided by 16?
13
Suppose 981 = o - 15*l, -5*o + 5489 - 1168 = -2*l. Calculate the remainder when o is divided by 78.
3
Suppose -15*b - 4*b = -228. Suppose 4*v - 317 = 95. What is the remainder when v is divided by b?
7
Let n(t) = -2*t**3 - 29*t**2 - 130*t - 54. Calculate the remainder when 1023 is divided by n(-6).
111
Let h = 21345 - 20478. What is the remainder when h is divided by 144?
3
Let t(a) = -a**3 - 4*a**2 + 11*a + 7. Let g be t(-6). Suppose 384 + 409 = g*f. Calculate the remainder when 135 is divided by f.
13
Let k = 184 - 35. Let s = k - 136. What is the remainder when 58 is divided by s?
6
What is the remainder when (13 - 99/6)*5/(70/(-1808)) is divided by 146?
14
Suppose -2*g + g + 5*d + 69 = 0, -d - 1 = 0. Let o = 311 + -298. Calculate the remainder when g is divided by o.
12
Let k = -112 - -67. Let q = -132 + 183. Let l = k + q. Calculate the remainder when 21 is divided by l.
3
Let r(q) = 4*q**3 - 3*q**2 - 36*q + 288. Calculate the remainder when r(9) is divided by 48.
45
Let f(x) = -557*x - 3608. What is the remainder when f(-8) is divided by 92?
20
Suppose 901 = -18*q - 2321. Let o = q + 327. Calculate the remainder when o is divided by 83.
65
Suppose -o = 4*p - 23 + 8, p + 1 = -5*o. Suppose 4*m = -4*a + 28, -p*m + 5*a - 11 = -5*m. Calculate the remainder when 64 is divided by m.
4
Let z(l) = 10*l**3 + 2*l**2 - 2*l + 1. Suppose -2*o + u + 295 = -7*o, 2*u = -2*o - 110. Let k = o + 91. What is the remainder when k is divided by z(1)?
9
Let r be ((-15860)/50)/((-12)/(-30)). Let s = 1055 + r. What is the remainder when s is divided by 131?
0
Let v be -1*1/(-3) + (-328)/(-24). Suppose v*f - 13 = 337. Calculate the remainder when 161 is divided by f.
11
Let n = 10304 - 6448. What is the remainder when n is divided by 39?
34
Let f(s) = 3*s**2 + 67*s + 26. Let m be f(-22). Suppose -10*q - y = -5*q - 656, 412 = 3*q - m*y. Calculate the remainder when q is divided by 45.
42
Let v = 6 - 10. Calculate the remainder when (-2160)/540 - (0 + 47/(-1)) is divided by 2/v*-2*3.
1
Suppose -1314*v + 1352*v = 58596. Calculate the remainder when v is divided by 26.
8
Let t(l) = l**2 - 1106*l + 3319. Let c(h) be the first derivative of -h**3/3 + 2*h**2 + 3*h + 1. Calculate the remainder when t(3) is divided by c(4).
1
Let v(g) = 2*g**3 - 55*g**2 + 30*g - 17. Calculate the remainder when 382 is divided by v(27).
62
Let a = -3925 - -3927. Calculate the remainder when 245 is divided by a.
1
Let v(b) = -5*b + 5. Let u(r) = 965*r - 77103. What is the remainder when u(80) is divided by v(-4)?
22
Let y(j) = 6*j**3 + 6*j**2 + 15*j + 11. Let s be y(7). Suppose -25*q + s = 568. What is the remainder when q is divided by 11?
10
Suppose 4*h = s + 610, -s + 157 = 4*h - 449. Calculate the remainder when h is divided by 10/35 + 61/7.
8
Let z(k) = -k**2 + 2*k + 49. Let m(p) = p**2 + 25*p - 26. Let v be m(-26). Calculate the remainder when 91 is divided by z(v).
42
Let w(m) = -m**3 - 6*m**2 + 4*m - 1. Calculate the remainder when (-910)/(-12) - (-78)/468 is divided by w(-7).
16
Suppose s = 2*i + 1, -10*s - 4 = -12*s + 3*i. Calculate the remainder when 112 is divided by s.
2
Let j(o) = 11*o - 7. Let q = 1 + 1. Suppose 4*t - 14 = 3*t + 4*y, q*y = 2*t - 16. What is the remainder when j(t) is divided by 17?
8
Suppose 4*p - 60 = -4*z, 2*p = 3*p + 3*z - 11. Let f(h) = -12*h - 41 + 2*h + 34. What is the remainder when f(-4) is divided by p?
16
Let r(u) = 44*u**3 - 2*u**2 + 2*u - 1. Suppose 12*o = -11*o - 3496. Let s = 161 + o. Calculate the remainder when r(1) is divided by s.
7
Let n(r) = 3*r - 4. Let v be n(9). Suppose 13*a - v = 12*a. Let y = -140 - -277. Calculate the remainder when y is divided by a.
22
What is the remainder when 215 is divided by ((-440)/(-308))/(((-4)/42)/(2/(-6)))?
0
Suppose -3*c - 469 = 355*k - 359*k, -3*k = 5*c - 388. What is the remainder when 6896 is divided by k?
120
Let a(n) = 8*n**2 + 2*n + 1. Let t be a(-2). Let l = t - 19. Suppose -5*o - u + 333 = 0, 0 = -4*o - u + 195 + 71. What is the remainder when o is divided by l?
7
Let k be 12/(-66) + 3238/44*2. Suppose 2*a - k = 247. Calculate the remainder when a is divided by 67.
63
Suppose -2*s - 2 = 0, 5*w - 14*s + 13*s = -39. What is the remainder when 49 is divided by (w/10)/((-46)/805)?
7
Let m = 292 - -62. Suppose -m + 345 = -t. Calculate the remainder when 188 is divided by t.
8
Let o = 8081 - 7879. Calculate the remainder when 1407 is divided by o.
195
Suppose 0 = -0*n - 4*n - 32. Let j(r) = r**3 + 8*r**2 + r + 11. Let c be j(n). Let u = c - -10. Calculate the remainder when 75 is divided by u.
10
Let n(i) = -5*i**2 + 721*i + 1334. Let j be 2*(45/(-6))/5. Let q(d) = 2*d**2 + d - 4. Calculate the remainder when n(146) is divided by q(j).
9
Suppose q + 4*f = 9*f - 22, 0 = -q - 3*f + 26. Calculate the remainder when 21087 is divided by q.
7
What is the remainder when 1435/14*(-48)/(-30) is divided by 89?
75
Let v = 236 + -221. Calculate the remainder when 145 is divided by v.
10
Let o = 3137 + -3094. What is the remainder when 53 is divided by o?
10
Suppose -16*n - 11*n + 6145 = -4088. Calculate the remainder when n is divided by 375.
4
Let g = 32881 + -32870. Suppose 0 = f - 25 - 28. What is the remainder when f is divided by g?
9
Suppose -18*a + 1826 = -676. Suppose -3*w - 17 = -161. Calculate the remainder when a is divided by w.
43
Let n be (45/135)/((-88)/(-90) - 1). Let r = 127 + n. What is the remainder when r is divided by 57?
55
Suppose -2*d + 395 - 113 = 0. Suppose -2*r = -6*r + 120. Calculate the remainder when d is divided by r.
21
Let g(y) be the first derivative of -y**2 + 7*y - 59. Let v = 139 + -46. Calculate the remainder when v is divided by g(-6).
17
Let d = -3026 - -4528. Calculate the remainder when d is divided by 32.
30
Let r be 4 - (39 + 2)*-1. Calculate the remainder when 118 is divided by r - 8 - (2 + -3)*3.
38
Let j = -58 + 101. Suppose -5*o - 4*r + 9 = -j, -2*o + 28 = 4*r. Suppose 19*l - 5*x - 169 = 78, 4*x = -4*l + 52. What is the remainder when l is divided by o?
5
Suppose -368 = -5*d - n, 1593 = 5*d - n + 1201. Suppose 5*z - 3*q - 64 = 0, 13 = -5*q - 2. What is the remainder when d is divided by z?
10
Suppose 45*r - 5*v + 13 = 41*r, -20 = -4*v. Calculate the remainder when 9 is divided by r.
0
Let l(m) = -3*m**3 - 3*m**2 - m + 2. Calculate the remainder when 224/80 + 17 + (-108)/(-15) is divided by l(-2).
11
Let d be -1*3 + 7/(14/26). Suppose 3*b = 145 - d. Calculate the remainder when b is divided by 31.
14
Suppose -3*p + r + 617 = 0, 42*r = 45*r + 33. Let y(x) = x**3 - x**2 - x + 34. What is the remainder when p is divided by y(0)?
32
Let m(c) = 54*c**2 - 860*c + 21. Calculate the remainder when 991 is divided by m(16).
56
Let g(d) = 8*d**2 + 8*d - 10. Suppose -2 = 5*k + 3*c - 6, -3*k + 16 = -5*c. What is the remainder when 144 is divided by g(k)?
30
Let v(z) = -324*z**2 + 40*z - 4*z**3 + 651*z**2 + 33 - 339*z**2 + 5*z**3. What is the remainder when v(8) is divided by 26?
19
Let s(l) be the first derivative of l**4/4 - 3*l**3 + 3*l**2 + 8*l + 10. Let n be s(6). Let g = -29 - n. Calculate the remainder when 137 is divided by g.
32
Let v = -24045 + 24169. Calculate the remainder when 517 is divided by v.
21
Let m be ((-6)/9)/((-20)/90). What is the remainder when 64 is divided by (-18)/(-3) + 3/(m + 0)?
1
Suppose 2*v - 42*u - 104 = -40*u, -5*v = 5*u - 320. Calculate the remainder when 112 is divided by v.
54
Suppose 4*i - 15 - 21 = -4*p, -p - 3*i = -19. Suppose -4*b + 0*b - 59 = -y, p*y - 320 = -5*b. What is the remainder when y is divided by (-10)/(3/(-6) - 0)?
15
Let q(o) = -o**3 - o**2. Let y(w) = 2*w**3 - 6*w**2 + 4*w - 16. Let u(m) = -q(m) - y(m). What is the remainder when u(5) is divided by 